ors of 1068848.
2, 11, 6073
List the prime factors of 55676.
2, 31, 449
What are the prime factors of 10700882?
2, 149, 241
What are the prime factors of 1465890?
2, 3, 5, 131, 373
What are the prime factors of 9381?
3, 53, 59
What are the prime factors of 3198858?
2, 3, 13, 41011
What are the prime factors of 265429?
433, 613
List the prime factors of 27054190.
2, 5, 2705419
List the prime factors of 16505.
5, 3301
What are the prime factors of 749295?
3, 5, 16651
List the prime factors of 24609525.
3, 5, 328127
What are the prime factors of 526898?
2, 17, 15497
List the prime factors of 102387.
3, 34129
List the prime factors of 17367582.
2, 3, 479, 6043
What are the prime factors of 1445972?
2, 11, 59, 557
List the prime factors of 18628800.
2, 3, 5, 3881
What are the prime factors of 1862864?
2, 173, 673
What are the prime factors of 183671?
61, 3011
What are the prime factors of 2332011?
3, 11, 70667
What are the prime factors of 2717470?
2, 5, 7, 38821
List the prime factors of 3044450.
2, 5, 60889
List the prime factors of 25137297.
3, 83, 3739
List the prime factors of 8656011.
3, 7, 13, 271
List the prime factors of 12668893.
17, 59, 743
What are the prime factors of 15553625?
5, 124429
What are the prime factors of 145598?
2, 43, 1693
List the prime factors of 3479196.
2, 3, 7, 61, 97
What are the prime factors of 1972463?
163, 12101
What are the prime factors of 18625893?
3, 11, 13, 3947
List the prime factors of 571000.
2, 5, 571
What are the prime factors of 688826?
2, 19, 18127
What are the prime factors of 2742103?
7, 13, 30133
What are the prime factors of 243488?
2, 7, 1087
List the prime factors of 1530313.
1530313
What are the prime factors of 8718978?
2, 3, 23, 41, 67
What are the prime factors of 310683?
3, 103561
What are the prime factors of 5372257?
11, 191, 2557
List the prime factors of 16766063.
17, 986239
What are the prime factors of 115356?
2, 3, 9613
List the prime factors of 4062650.
2, 5, 193, 421
List the prime factors of 1357972.
2, 7, 11, 4409
List the prime factors of 214822.
2, 37, 2903
List the prime factors of 9878684.
2, 23, 107377
What are the prime factors of 2916246?
2, 3, 486041
List the prime factors of 1922163.
3, 67, 73, 131
List the prime factors of 1517026.
2, 7, 108359
List the prime factors of 1539124.
2, 67, 5743
What are the prime factors of 257628?
2, 3, 7, 3067
List the prime factors of 17333.
17333
List the prime factors of 942396.
2, 3, 7, 13, 863
List the prime factors of 5786873.
331, 17483
List the prime factors of 4991333.
4991333
What are the prime factors of 855846?
2, 3, 587
What are the prime factors of 19226?
2, 9613
What are the prime factors of 193488?
2, 3, 29, 139
List the prime factors of 20120877.
3, 7, 17, 18787
List the prime factors of 128986.
2, 11, 13, 41
List the prime factors of 3770733.
3, 1256911
List the prime factors of 2852855.
5, 17, 33563
List the prime factors of 4350748.
2, 1087687
What are the prime factors of 6641673?
3, 2213891
List the prime factors of 29899850.
2, 5, 597997
What are the prime factors of 695648?
2, 21739
List the prime factors of 10903.
10903
What are the prime factors of 14327877?
3, 4775959
What are the prime factors of 31540257?
3, 7, 683, 733
What are the prime factors of 137851?
7, 47, 419
List the prime factors of 1939916.
2, 11, 44089
List the prime factors of 619877.
179, 3463
What are the prime factors of 21225?
3, 5, 283
What are the prime factors of 18717050?
2, 5, 11, 34031
What are the prime factors of 293412?
2, 3, 7, 499
What are the prime factors of 381072?
2, 3, 17, 467
List the prime factors of 20258.
2, 7, 1447
What are the prime factors of 1151730?
2, 3, 5, 67, 191
List the prime factors of 338326.
2, 139, 1217
List the prime factors of 262897.
262897
List the prime factors of 1807596.
2, 3, 7, 797
List the prime factors of 2394016.
2, 79, 947
List the prime factors of 138314.
2, 11, 6287
What are the prime factors of 11738961?
3, 13, 100333
What are the prime factors of 7484222?
2, 41, 107, 853
List the prime factors of 629267.
107, 5881
What are the prime factors of 316246?
2, 7, 461
List the prime factors of 4850800.
2, 5, 67, 181
What are the prime factors of 1804319?
11, 61, 2689
What are the prime factors of 8425588?
2, 19, 110863
List the prime factors of 324032.
2, 61, 83
List the prime factors of 597551.
597551
What are the prime factors of 3740350?
2, 5, 239, 313
What are the prime factors of 16631813?
11, 137453
What are the prime factors of 143847?
3, 11, 1453
What are the prime factors of 1179116?
2, 31, 37, 257
What are the prime factors of 8768519?
19, 37, 12473
List the prime factors of 37107068.
2, 73, 127079
What are the prime factors of 11135481?
3, 7, 530261
List the prime factors of 233350.
2, 5, 13, 359
What are the prime factors of 20097747?
3, 109, 6829
List the prime factors of 578565.
3, 5, 13, 23, 43
What are the prime factors of 24093362?
2, 12046681
What are the prime factors of 182114?
2, 23, 37, 107
List the prime factors of 28029744.
2, 3, 61, 3191
What are the prime factors of 678132?
2, 3, 7, 13, 23
List the prime factors of 216121.
17, 12713
What are the prime factors of 463497?
3, 43, 3593
What are the prime factors of 498117?
3, 17, 9767
List the prime factors of 8867183.
13, 17, 40123
List the prime factors of 31855302.
2, 3, 73, 8081
List the prime factors of 211335.
3, 5, 73, 193
What are the prime factors of 226217?
226217
List the prime factors of 526834.
2, 7, 11, 311
List the prime factors of 838009.
541, 1549
What are the prime factors of 15479596?
2, 11, 139, 2531
List the prime factors of 555702.
2, 3, 7, 101, 131
List the prime factors of 2971975.
5, 53, 2243
What are the prime factors of 468388?
2, 19, 6163
List the prime factors of 582494.
2, 11, 29, 83
List the prime factors of 254893.
37, 83
List the prime factors of 23105262.
2, 3, 353, 10909
List the prime factors of 2776752.
2, 3, 11, 1753
What are the prime factors of 86807?
7, 12401
List the prime factors of 15060124.
2, 23, 163697
List the prime factors of 185215.
5, 17, 2179
List the prime factors of 1071602.
2, 7, 76543
What are the prime factors of 1925833?
7, 13, 21163
What are the prime factors of 738029?
738029
List the prime factors of 2294633.
11, 337, 619
List the prime factors of 196111.
196111
List the prime factors of 21471542.
2, 29, 370199
List the prime factors of 490310.
2, 5, 49031
What are the prime factors of 42560?
2, 5, 7, 19
List the prime factors of 4321176.
2, 3, 401, 449
List the prime factors of 1330856.
2, 166357
List the prime factors of 4281109.
7, 611587
List the prime factors of 2949417.
3, 41, 7993
List the prime factors of 1718467.
1718467
What are the prime factors of 308039?
23, 59, 227
What are the prime factors of 557300?
2, 5, 5573
What are the prime factors of 550141?
223, 2467
List the prime factors of 2740750.
2, 5, 19, 577
List the prime factors of 5970586.
2, 2985293
What are the prime factors of 5608174?
2, 11, 13, 19609
What are the prime factors of 6489107?
6489107
List the prime factors of 796735.
5, 159347
What are the prime factors of 2251114?
2, 1125557
What are the prime factors of 18808127?
13, 1446779
What are the prime factors of 10223469?
3, 79, 4793
List the prime factors of 3409061.
17, 127, 1579
What are the prime factors of 128529?
3, 14281
What are the prime factors of 152708?
2, 38177
What are the prime factors of 2098921?
11, 190811
What are the prime factors of 642628?
2, 7, 59, 389
List the prime factors of 2161744.
2, 13, 19, 547
List the prime factors of 27134271.
3, 334991
List the prime factors of 389959.
47, 8297
List the prime factors of 1339883.
839, 1597
What are the prime factors of 20508361?
677, 30293
List the prime factors of 2532083.
2532083
What are the prime factors of 3549555?
3, 5, 26293
What are the prime factors of 2473581?
3, 11, 23, 3259
List the prime factors of 419125.
5, 7, 479
What are the prime factors of 8606148?
2, 3, 17, 42187
List the prime factors of 376508.
2, 11, 43, 199
List the prime factors of 8729705.
5, 73, 23917
What are the prime factors of 18291?
3, 7, 13, 67
List the prime factors of 160555.
5, 163, 197
What are the prime factors of 1840523?
101, 18223
List the prime factors of 1546020.
2, 3, 5, 7, 4